of 3185?
3
What is the hundreds digit of 2563?
5
What is the hundreds digit of 4214?
2
What is the units digit of 44350?
0
What is the thousands digit of 37507?
7
What is the hundreds digit of 21870?
8
What is the tens digit of 1202?
0
What is the tens digit of 107347?
4
What is the units digit of 10831?
1
What is the units digit of 22076?
6
What is the units digit of 210?
0
What is the tens digit of 124?
2
What is the hundreds digit of 1390?
3
What is the thousands digit of 25125?
5
What is the tens digit of 1349?
4
What is the tens digit of 7404?
0
What is the hundreds digit of 900?
9
What is the ten thousands digit of 128826?
2
What is the units digit of 383?
3
What is the hundreds digit of 131413?
4
What is the hundreds digit of 44366?
3
What is the units digit of 772?
2
What is the units digit of 2474?
4
What is the hundreds digit of 50666?
6
What is the thousands digit of 9403?
9
What is the units digit of 3050?
0
What is the units digit of 51128?
8
What is the hundreds digit of 419?
4
What is the tens digit of 3271?
7
What is the hundreds digit of 5679?
6
What is the units digit of 742?
2
What is the thousands digit of 2559?
2
What is the units digit of 4188?
8
What is the units digit of 2232?
2
What is the thousands digit of 6004?
6
What is the tens digit of 45446?
4
What is the tens digit of 66515?
1
What is the units digit of 33592?
2
What is the tens digit of 5118?
1
What is the tens digit of 140?
4
What is the units digit of 4437?
7
What is the hundreds digit of 1735?
7
What is the units digit of 44585?
5
What is the units digit of 96?
6
What is the units digit of 10704?
4
What is the thousands digit of 27539?
7
What is the hundreds digit of 3498?
4
What is the hundreds digit of 1392?
3
What is the tens digit of 2308?
0
What is the units digit of 646?
6
What is the thousands digit of 3980?
3
What is the ten thousands digit of 71403?
7
What is the thousands digit of 24041?
4
What is the ten thousands digit of 73790?
7
What is the tens digit of 5340?
4
What is the tens digit of 67158?
5
What is the ten thousands digit of 21014?
2
What is the units digit of 17231?
1
What is the tens digit of 513?
1
What is the units digit of 7482?
2
What is the units digit of 3364?
4
What is the units digit of 153?
3
What is the units digit of 1934?
4
What is the hundreds digit of 3310?
3
What is the hundreds digit of 61053?
0
What is the thousands digit of 15730?
5
What is the units digit of 17080?
0
What is the units digit of 792?
2
What is the units digit of 3616?
6
What is the hundreds digit of 10022?
0
What is the hundreds digit of 43350?
3
What is the hundreds digit of 7468?
4
What is the thousands digit of 2579?
2
What is the thousands digit of 23118?
3
What is the hundreds digit of 4298?
2
What is the tens digit of 67?
6
What is the units digit of 13805?
5
What is the tens digit of 5058?
5
What is the units digit of 13066?
6
What is the thousands digit of 34345?
4
What is the ten thousands digit of 71469?
7
What is the tens digit of 5517?
1
What is the tens digit of 76923?
2
What is the thousands digit of 52397?
2
What is the thousands digit of 3411?
3
What is the thousands digit of 5791?
5
What is the thousands digit of 15480?
5
What is the hundreds digit of 928?
9
What is the units digit of 154?
4
What is the ten thousands digit of 13494?
1
What is the thousands digit of 1970?
1
What is the thousands digit of 9874?
9
What is the units digit of 6409?
9
What is the tens digit of 526?
2
What is the units digit of 261?
1
What is the tens digit of 4986?
8
What is the ten thousands digit of 143910?
4
What is the tens digit of 5148?
4
What is the tens digit of 12983?
8
What is the ten thousands digit of 29694?
2
What is the units digit of 5163?
3
What is the thousands digit of 4213?
4
What is the hundreds digit of 736?
7
What is the thousands digit of 2799?
2
What is the hundreds digit of 26758?
7
What is the units digit of 6002?
2
What is the thousands digit of 29323?
9
What is the units digit of 24357?
7
What is the units digit of 177?
7
What is the tens digit of 415?
1
What is the thousands digit of 1539?
1
What is the units digit of 149610?
0
What is the hundreds digit of 18071?
0
What is the tens digit of 342?
4
What is the units digit of 152?
2
What is the thousands digit of 11595?
1
What is the thousands digit of 20579?
0
What is the tens digit of 1215?
1
What is the ten thousands digit of 125386?
2
What is the ten thousands digit of 18495?
1
What is the tens digit of 6563?
6
What is the thousands digit of 2563?
2
What is the units digit of 917?
7
What is the tens digit of 41385?
8
What is the tens digit of 16086?
8
What is the thousands digit of 7261?
7
What is the tens digit of 21452?
5
What is the units digit of 83?
3
What is the hundreds digit of 8297?
2
What is the units digit of 1029?
9
What is the tens digit of 1142?
4
What is the hundreds digit of 13987?
9
What is the tens digit of 8048?
4
What is the hundreds digit of 7775?
7
What is the thousands digit of 36476?
6
What is the units digit of 9604?
4
What is the hundreds digit of 5716?
7
What is the thousands digit of 30675?
0
What is the units digit of 73916?
6
What is the hundreds digit of 31630?
6
What is the hundreds digit of 769?
7
What is the hundreds digit of 256?
2
What is the hundreds digit of 11739?
7
What is the tens digit of 280?
8
What is the units digit of 51863?
3
What is the units digit of 1148?
8
What is the tens digit of 67?
6
What is the tens digit of 39?
3
What is the units digit of 3207?
7
What is the tens digit of 69623?
2
What is the units digit of 4910?
0
What is the tens digit of 6777?
7
What is the units digit of 15052?
2
What is the tens digit of 1862?
6
What is the hundreds digit of 102?
1
What is the units digit of 19288?
8
What is the tens digit of 978?
7
What is the ten thousands digit of 20734?
2
What is the thousands digit of 135504?
5
What is the hundreds digit of 4537?
5
What is the tens digit of 858?
5
What is the hundreds digit of 429?
4
What is the units digit of 26472?
2
What is the hundreds digit of 5060?
0
What is the units digit of 10531?
1
What is the units digit of 12709?
9
What is the hundreds digit of 3442?
4
What is the tens digit of 7063?
6
What is the units digit of 924?
4
What is the tens digit of 1970?
7
What is the units digit of 32?
2
What is the hundreds digit of 11258?
2
What is the thousands digit of 22588?
2
What is the hundreds digit of 35527?
5
What is the tens digit of 195439?
3
What is the hundreds digit of 1777?
7
What is the units digit of 41201?
1
What is the units digit of 31922?
2
What is the units digit of 1793?
3
What is the units digit of 1358?
8
What is the units digit of 660?
0
What is the ten thousands digit of 15924?
1
What is the tens digit of 1395?
9
What is the tens digit of 75658?
5
What is the tens digit of 4578?
7
What is the thousands digit of 8715?
8
What is the units digit of 629?
9
What is the units digit of 531?
1
What is the thousands digit of 9132?
9
What is the thousands digit of 1087?
1
What is the units digit of 21930?
0
What is the hundreds digit of 178924?
9
What is the units digit of 381?
1
What is the hundreds digit of 1088?
0
What is the hundreds digit of 11353?
3
What is the tens digit of 1619?
1
What is the hundreds digit of 20813?
8
What is the units digit of 46114?
4
What is the thousands digit of 9812?
9
What is the thousands digit of 3000?
3
What is the tens digit of 9750?
5
What is the units digit of 11010?
0
What is the units digit of 1830?
0
What is the units digit of 1984?
4
What is the units digit of 18490?
0
What is the thousands digit of 1588?
1
What is the hundreds digit of 597?
5
What is the hundreds digit of 122?
1
What is the thousands digit of 65837?
5
What is the tens digit of 1363?
6
What is the hundreds digit of 8577?
5
What is the tens digit of 5055?
5
What is the units digit of 15232?
2
What is the tens digit of 2316?
1
What is the hundreds digit of 1129?
1
What is the units digit of 71073?
3
What is the thousands digit of 2965?
2
What is the units digit of 8626?
6
What is the ten thousands digit of 28498?
2
What is the tens digit of 10?
1
What is the ten thousands digit of 16668?
1
What is the units digit of 1260?
0
What is the hundreds digit of 3263?
2
What is t